 26*y + 214. Give g(8).
6
Let s(a) = 17*a + 450. What is s(-25)?
25
Let n(g) = -g - 58. Calculate n(19).
-77
Let r(w) = w**3 - 2*w**2 - 37*w + 82. Give r(2).
8
Let u(q) = -q**2 - 12*q + 310. Calculate u(11).
57
Let n(p) = p**3 + 20*p - 277. What is n(0)?
-277
Let v(l) = 3*l**3 + 128*l**2 + 317*l - 95. Calculate v(-40).
25
Let p(q) = -q**3 - 72*q**2 - 336*q - 68. Determine p(-67).
-1
Let s(p) = p**3 + 23*p**2 + 181*p + 1645. Calculate s(-18).
7
Let d(a) = 5*a**2 - 683*a - 1379. Calculate d(-2).
7
Let f(a) = -79*a + 7240. Give f(91).
51
Let x(t) = -t**2 - 21*t + 165. Give x(9).
-105
Let v(u) = 2*u**3 - 33*u**2 + 128*u + 18. Determine v(10).
-2
Let l(j) = -j**3 - 5*j**2 + 45*j + 239. Give l(-7).
22
Let k(p) = -p**3 + 19*p**2 - 61*p - 4. Give k(11).
293
Let x(i) = -3*i**2 + 25*i + 85. What is x(-3)?
-17
Let r(t) = t**3 + 57*t**2 - 305*t + 314. Give r(-62).
4
Let m(x) = -287*x - 4007. Calculate m(-14).
11
Let w(r) = 5*r - 207. Calculate w(41).
-2
Let r(p) = -p**3 + 2*p**2 + 32*p - 39. Calculate r(6).
9
Let d(p) = 10*p**2 + 129*p - 6. Give d(-13).
7
Let m(w) = -65066*w - 65071. What is m(-1)?
-5
Let o(u) = -u**2 - 1360*u + 13708. What is o(10)?
8
Let w(t) = 3*t**3 - 4*t**2 + 3*t - 6. What is w(4)?
134
Let r(i) = -i**2 - 7*i + 195. What is r(9)?
51
Let v(a) = 211*a + 2741. Calculate v(-13).
-2
Let n(u) = 225*u - 9671. Calculate n(43).
4
Let p(t) = t**3 - t**2 - 4*t - 30. What is p(0)?
-30
Let b(y) = -y**2 + 103*y + 1135. Determine b(-10).
5
Let g(n) = 38*n + 51. What is g(-8)?
-253
Let t(o) = 2*o**3 - 4*o**2 - 7*o + 37. Determine t(4).
73
Let p(k) = 3*k**2 - 9*k + 20. Give p(6).
74
Let a(l) = -70*l + 425. Determine a(6).
5
Let a(s) = -407*s + 126997. What is a(312)?
13
Let z(h) = h**2 - 17*h + 15. Determine z(3).
-27
Let h(z) = 10*z**2 - 139*z - 510. Determine h(-3).
-3
Let n(q) = -947*q + 1881. Calculate n(2).
-13
Let b(q) = q**2 + 16*q - 386. Give b(-29).
-9
Let u(r) = 171*r + 175. Calculate u(-3).
-338
Let s(m) = -m**3 - 2*m**2 - 31*m - 125. Give s(-4).
31
Let n(u) = u**3 - 76*u**2 - 154*u - 486. Give n(78).
-330
Let i(v) = -5*v**2 + 273*v - 1563. What is i(48)?
21
Let l(u) = 106*u - 41. Calculate l(1).
65
Let i(v) = 47341*v + 94679. Give i(-2).
-3
Let j(z) = 2*z**3 + 71*z**2 + 420*z + 10. Determine j(-28).
10
Let h(u) = -u**2 - 106*u - 1246. Give h(-92).
42
Let n(l) = 28*l + 301. What is n(-12)?
-35
Let q(y) = y**3 - 8*y**2 - 2*y + 18. Calculate q(8).
2
Let p(n) = -136*n**3 + 948*n**2 + 26*n + 13. What is p(7)?
-1
Let z(f) = f**3 + 48*f**2 - 102*f - 43. What is z(-50)?
57
Let s(g) = 55*g + 192. Give s(-5).
-83
Let b(h) = -592*h - 7187. Determine b(-12).
-83
Let c(w) = 1564*w + 9371. Determine c(-6).
-13
Let x(j) = 48*j**2 - 17*j + 3. Determine x(2).
161
Let t(c) = -2*c**3 - 11*c**2 - 15*c - 8. What is t(-6)?
118
Let j(b) = -5*b**3 - b**2 - 23*b + 23. Calculate j(1).
-6
Let n(z) = -z**2 + 112*z - 843. Determine n(8).
-11
Let q(h) = -h - 26. Determine q(-18).
-8
Let f(n) = 26*n + 223. Calculate f(-10).
-37
Let s(m) = 352*m - 7730. What is s(22)?
14
Let p(z) = 2*z**2 - 46*z - 153. Calculate p(24).
-105
Let k(u) = u**2 + 186*u + 7435. What is k(-128)?
11
Let f(s) = 2*s**3 - 380*s**2 + 18*s - 3426. Determine f(190).
-6
Let i(z) = 12*z**3 - 12*z**2 - 3*z. What is i(-2)?
-138
Let a(c) = 12*c**2 + 38*c - 137. Determine a(4).
207
Let p(w) = w**3 - 2*w**2 + 7*w - 40. Calculate p(5).
70
Let y(b) = 74*b**2 + 580*b + 16. Determine y(-8).
112
Let f(v) = 274*v - 73162. Calculate f(267).
-4
Let z(c) = c**3 - 2*c**2 - 5*c - 6. Calculate z(3).
-12
Let f(j) = 2*j**3 + 9*j**2 - j - 14. Determine f(-4).
6
Let l(t) = -49*t + 1197. Calculate l(25).
-28
Let m(y) = -12*y + 828. Give m(74).
-60
Let c(n) = n**3 + 34*n**2 + 48*n + 4323. Give c(-36).
3
Let s(a) = 84*a - 1516. Give s(18).
-4
Let w(x) = -x**2 + 97*x - 223. What is w(94)?
59
Let j(p) = -6*p**2 + 76*p - 16. Give j(11).
94
Let m(c) = -366*c**2 + 23*c - 20. What is m(1)?
-363
Let z(q) = 4*q**3 - 82*q**2 + 34*q + 113. Calculate z(20).
-7
Let u(g) = -g**2 + 63*g + 150. Give u(66).
-48
Let q(c) = -45*c**3 - 37*c**2 + 63*c + 2. Determine q(2).
-380
Let y(j) = -2*j**2 - 78*j + 792. Give y(-47).
40
Let b(k) = -13448*k + 94134. Calculate b(7).
-2
Let q(y) = -300*y + 27291. Determine q(91).
-9
Let u(d) = -d**3 - 13*d**2 - 30*d + 6. Determine u(-3).
6
Let s(h) = -h**3 + 2*h**2 - 114. Determine s(-7).
327
Let b(z) = 64*z + 2274. Determine b(-25).
674
Let c(l) = -45*l + 937. What is c(21)?
-8
Let p(o) = -1073*o + 60086. What is p(56)?
-2
Let b(i) = -20*i**3 + 196*i**2 + 40*i - 14. Calculate b(10).
-14
Let h(n) = 26*n**2 - 3*n + 9. Calculate h(2).
107
Let j(s) = -s**3 - 11*s**2 + 132*s + 114. Give j(-18).
6
Let z(y) = 464*y**2 + 3240*y + 13. Give z(-7).
69
Let y(j) = j**3 + 38*j**2 - 77*j - 24. Determine y(-40).
-144
Let i(l) = -l + 28. Give i(2).
26
Let q(h) = -h**2 - 50*h - 211. What is q(-6)?
53
Let l(q) = 39*q + 79. Give l(-3).
-38
Let a(v) = -v**3 + 18*v**2 - 45*v - 32. Give a(16).
-240
Let r(h) = -3*h**2 - 450*h - 3405. What is r(-142)?
3
Let j(g) = -g**3 + 19*g**2 - 52*g + 691. Calculate j(16).
627
Let g(n) = -n**3 + 25*n**2 - 28*n + 668. Determine g(25).
-32
Let k(s) = 16*s - 132. What is k(4)?
-68
Let o(u) = 11*u**2 - 295*u - 50. Determine o(27).
4
Let y(a) = a**3 - 288*a**2 + 630*a - 16579. Calculate y(286).
9
Let t(y) = y**2 - 10*y - 449. Give t(28).
55
Let x(w) = 2*w**3 + 11*w**2 - 6*w + 1. Give x(-6).
1
Let d(a) = -217*a**2 + a - 10. Calculate d(2).
-876
Let b(j) = -2*j**3 + 87*j**2 + 512*j + 4. Give b(-6).
496
Let q(f) = 166*f**2 - 150*f + 5. Calculate q(1).
21
Let w(t) = 3*t**2 + 307*t + 698. What is w(-100)?
-2
Let m(z) = 2562*z - 92232. Calculate m(36).
0
Let h(u) = -79*u**2 - 19*u - 41. What is h(-2)?
-319
Let f(o) = 628*o + 1249. Determine f(-2).
-7
Let q(o) = o**3 - 79*o**2 + 225*o + 252. What is q(76)?
24
Let h(a) = -16*a**2 + 2*a + 16. Give h(-3).
-134
Let p(i) = i**3 + 6*i**2 + 15*i + 91. Give p(-6).
1
Let p(h) = -36*h + 160. Determine p(6).
-56
Let z(p) = 150*p - 1428. Give z(5).
-678
Let l(u) = -86*u - 937. Calculate l(-10).
-77
Let n(r) = -r**3 - 6*r**2 + 28*r + 8. Calculate n(-7).
-139
Let u(t) = 2*t**2 - 16*t + 12. What is u(2)?
-12
Let t(s) = 141*s + 23. Determine t(0).
23
Let c(v) = 4*v**2 - 85*v - 45. Calculate c(20).
-145
Let j(n) = 2*n**3 - 187*n**2 + 449*n + 546. Calculate j(91).
0
Let b(n) = n**3 + 48*n**2 + 241*n + 2900. Calculate b(-44).
40
Let g(j) = -16*j**2 + 1057*j - 138. What is g(66)?
-72
Let m(d) = d**3 + 9*d**2 + 51*d + 154. Determine m(-5).
-1
Let t(n) = -n**3 - 6*n**2 - 21*n - 27. Give t(-8).
269
Let q(w) = -w - 99. Determine q(59).
-158
Let q(v) = -6*v**3 + 75*v**2 - 77*v + 3. Give q(1).
-5
Let b(c) = -51*c - 740. What is b(-15)?
25
Let s(b) = 23*b**2 + 98*b - 354. Determine s(4).
406
Let n(m) = -2*m**2 + 237*m - 1142. What is n(5)?
-7
Let r(c) = 17*c - 368. Calculate r(38).
278
Let p(c) = 8*c + 20. What is p(-4)?
-12
Let i(h) = -h**3 - 16*h**2 - 9*h + 95. Determine i(-15).
5
Let f(i) = -2*i**2 + 57*i - 724. Calculate f(31).
-879
Let t(b) = 5*b**2 + 87*b - 417. Determine t(4).
11
Let g(k) = 306*k + 1459. Give g(-5).
-71
Let i(b) = 380*b + 3414. Calculate i(-9).
-6
Let h(n) = -n**3 - 21*n**2 - 48*n + 507. What is h(-16)?
-5
Let d(m) = 17*m - 174. Determine d(11).
13
Let p(q) = 2*q**3 - 9*q - 4. Calculate p(3).
23
Let a(d) = -825*d - 4881. Calculate a(-6).
69
Let l(t) = -t**2 - 86*t - 1111. What is l(-13)?
-162
Let t(s) = -99*s + 658. Determine t(7).
-35
Let u(l) = 255*l - 1537. Calculate u(6).
-7
Let z(k) = 124*k**3 + 6*k**2 - 7*k - 9. Give z(-1).
-120
Let o(s) = 3*s**2 - 16*s + 35. Give o(6).
47
Let t(a) = -5*a - 24. Give t(44).
-244
Let n(q) = -q**2 - 485*q - 2. What is n(0)?
-2
Let x(g) = g**3 + 26*g**2 + 17*g - 38. What is x(-25)?
162
Let s(z) = 3*z**2 - 12*z - 26. Give s(-5).
109
Let x(y) = -y**3 + 29*y**2 - 54*y - 11. Determine x(27).
-11
Let d(n) = 50*n - 1964. Give d(41).
86
Let t(i) = -2*i**3 - 17*i**2 - 30*i - 22. What is t(-6)?
-22
Let v(b) = -7*b**2 + 93*b - 268. Calculate v(8).
28
Let x(r) = -r**3 - 10*r**2 - 26*r - 16. Determine x(-6).
-4
Let d(o) = -o**3 - 14*o**2 - 22*o - 145. What is d(-14)?
163
Let o(v) = -7*v**2 + 75*v + 22. Determine o(12).
-86
Let t(s) = -2*s**3 + 73*s**2 + 816*s - 4. Determine t(-9).
23
Let v(a) = a**2 + 2*a - 8265. What is v(90)?
15
Le